{"id":795,"date":"2023-08-09T17:02:17","date_gmt":"2023-08-09T17:02:17","guid":{"rendered":"https:\/\/www.dekanter-wines.com\/shop\/?post_type=product&#038;p=795"},"modified":"2024-12-02T18:57:00","modified_gmt":"2024-12-02T18:57:00","slug":"rebula-xiv-selekcija-klet-brda-0-75-l","status":"publish","type":"product","link":"https:\/\/www.dekanter-wines.com\/shop\/izdelek\/rebula-xiv-selekcija-klet-brda-0-75-l\/","title":{"rendered":"Rebula XIV Selekcija, Klet Brda (0.75 l)"},"content":{"rendered":"<section class=\"wpb-content-wrapper\"><p>[vc_row][vc_column][vc_column_text]Minister za zdravje opozarja: Prekomerno pitje alkohola \u0161koduje zdravju![\/vc_column_text][\/vc_column][\/vc_row]<\/p>\n<\/section>","protected":false},"excerpt":{"rendered":"<p>Suho vino. Videz: Globoko rumene barve z zlatim odtenkom. Aroma: Sortna, spominja na limono, cedro, grenivko. Prijetno zaokro\u017eena z ne\u017eno aromo vanilje in sve\u017ee kruhove skorje. Okus: Poln, sve\u017e in harmoni\u010den. Zaklju\u010dek je gladek, z ne\u017eno noto sladkih taninov. Za vinske sladokusce.<\/p>\n","protected":false},"featured_media":796,"template":"","meta":[],"product_cat":[16,23],"product_tag":[],"_links":{"self":[{"href":"https:\/\/www.dekanter-wines.com\/shop\/wp-json\/wp\/v2\/product\/795"}],"collection":[{"href":"https:\/\/www.dekanter-wines.com\/shop\/wp-json\/wp\/v2\/product"}],"about":[{"href":"https:\/\/www.dekanter-wines.com\/shop\/wp-json\/wp\/v2\/types\/product"}],"wp:featuredmedia":[{"embeddable":true,"href":"https:\/\/www.dekanter-wines.com\/shop\/wp-json\/wp\/v2\/media\/796"}],"wp:attachment":[{"href":"https:\/\/www.dekanter-wines.com\/shop\/wp-json\/wp\/v2\/media?parent=795"}],"wp:term":[{"taxonomy":"product_cat","embeddable":true,"href":"https:\/\/www.dekanter-wines.com\/shop\/wp-json\/wp\/v2\/product_cat?post=795"},{"taxonomy":"product_tag","embeddable":true,"href":"https:\/\/www.dekanter-wines.com\/shop\/wp-json\/wp\/v2\/product_tag?post=795"}],"curies":[{"name":"wp","href":"https:\/\/api.w.org\/{rel}","templated":true}]}}