{"id":760,"date":"2023-08-08T16:59:34","date_gmt":"2023-08-08T16:59:34","guid":{"rendered":"https:\/\/www.dekanter-wines.com\/shop\/?post_type=product&#038;p=760"},"modified":"2024-12-02T19:12:27","modified_gmt":"2024-12-02T19:12:27","slug":"penina-castra-brut-cuvee-natur-guerila-0-75-l","status":"publish","type":"product","link":"https:\/\/www.dekanter-wines.com\/shop\/izdelek\/penina-castra-brut-cuvee-natur-guerila-0-75-l\/","title":{"rendered":"Penina Castra Brut Cuvee natur, Guerila (0.75 l)"},"content":{"rendered":"<section class=\"wpb-content-wrapper\"><p>[vc_row][vc_column][vc_column_text]Minister za zdravje opozarja: Prekomerno pitje alkohola \u0161koduje zdravju![\/vc_column_text][\/vc_column][\/vc_row]<\/p>\n<\/section>","protected":false},"excerpt":{"rendered":"<p>Suho vino (Zelen, Pinela, Rebula). Srednje globoke zlatorumene barve. Mehur\u010dki so srednje veliki. Cvetica je dozorela, medena. Najdemo \u0161e balzami\u010dne note, lupino pomaran\u010de, cimet, nageljnove \u017ebice, medenjak. Aromati\u010dno, v smeri vermuta. Zelo suho, penjenje v ustih je obilnej\u0161e, a prijetno, kisline so vi\u0161je.<\/p>\n","protected":false},"featured_media":761,"template":"","meta":[],"product_cat":[16,20],"product_tag":[],"_links":{"self":[{"href":"https:\/\/www.dekanter-wines.com\/shop\/wp-json\/wp\/v2\/product\/760"}],"collection":[{"href":"https:\/\/www.dekanter-wines.com\/shop\/wp-json\/wp\/v2\/product"}],"about":[{"href":"https:\/\/www.dekanter-wines.com\/shop\/wp-json\/wp\/v2\/types\/product"}],"wp:featuredmedia":[{"embeddable":true,"href":"https:\/\/www.dekanter-wines.com\/shop\/wp-json\/wp\/v2\/media\/761"}],"wp:attachment":[{"href":"https:\/\/www.dekanter-wines.com\/shop\/wp-json\/wp\/v2\/media?parent=760"}],"wp:term":[{"taxonomy":"product_cat","embeddable":true,"href":"https:\/\/www.dekanter-wines.com\/shop\/wp-json\/wp\/v2\/product_cat?post=760"},{"taxonomy":"product_tag","embeddable":true,"href":"https:\/\/www.dekanter-wines.com\/shop\/wp-json\/wp\/v2\/product_tag?post=760"}],"curies":[{"name":"wp","href":"https:\/\/api.w.org\/{rel}","templated":true}]}}