{"id":728,"date":"2023-08-07T16:09:51","date_gmt":"2023-08-07T16:09:51","guid":{"rendered":"https:\/\/www.dekanter-wines.com\/shop\/?post_type=product&#038;p=728"},"modified":"2025-08-24T11:42:05","modified_gmt":"2025-08-24T09:42:05","slug":"rose-batic-0-75-l","status":"publish","type":"product","link":"https:\/\/www.dekanter-wines.com\/shop\/izdelek\/rose-batic-0-75-l\/","title":{"rendered":"Rose, Bati\u010d (0.75 l)"},"content":{"rendered":"<section class=\"wpb-content-wrapper\"><p>[vc_row][vc_column][vc_column_text]Minister za zdravje opozarja: Prekomerno pitje alkohola \u0161koduje zdravju![\/vc_column_text][\/vc_column][\/vc_row]<\/p>\n<\/section>","protected":false},"excerpt":{"rendered":"<p>Polsuho vino. Barva je ne\u017ena lososova. Cvetica je dokaj poudarjena, mladostna, di\u0161e\u010da, vabljiva. Tu so rde\u010dkasti sade\u017ei, malina, jagoda, vanilja. V ustih je vino slaj\u0161e, a harmoni\u010dno, z lepimi zrelimi kislinami. Za ljubitelje slaj\u0161ih rosejev je tukaj vse na mestu.<\/p>\n","protected":false},"featured_media":729,"template":"","meta":[],"product_cat":[16,21],"product_tag":[],"_links":{"self":[{"href":"https:\/\/www.dekanter-wines.com\/shop\/wp-json\/wp\/v2\/product\/728"}],"collection":[{"href":"https:\/\/www.dekanter-wines.com\/shop\/wp-json\/wp\/v2\/product"}],"about":[{"href":"https:\/\/www.dekanter-wines.com\/shop\/wp-json\/wp\/v2\/types\/product"}],"wp:featuredmedia":[{"embeddable":true,"href":"https:\/\/www.dekanter-wines.com\/shop\/wp-json\/wp\/v2\/media\/729"}],"wp:attachment":[{"href":"https:\/\/www.dekanter-wines.com\/shop\/wp-json\/wp\/v2\/media?parent=728"}],"wp:term":[{"taxonomy":"product_cat","embeddable":true,"href":"https:\/\/www.dekanter-wines.com\/shop\/wp-json\/wp\/v2\/product_cat?post=728"},{"taxonomy":"product_tag","embeddable":true,"href":"https:\/\/www.dekanter-wines.com\/shop\/wp-json\/wp\/v2\/product_tag?post=728"}],"curies":[{"name":"wp","href":"https:\/\/api.w.org\/{rel}","templated":true}]}}