{"id":694,"date":"2023-08-06T11:18:39","date_gmt":"2023-08-06T11:18:39","guid":{"rendered":"https:\/\/www.dekanter-wines.com\/shop\/?post_type=product&#038;p=694"},"modified":"2024-12-03T16:23:35","modified_gmt":"2024-12-03T16:23:35","slug":"rebula-orange-ussai-0-75-l","status":"publish","type":"product","link":"https:\/\/www.dekanter-wines.com\/shop\/izdelek\/rebula-orange-ussai-0-75-l\/","title":{"rendered":"Rebula Orange, Ussai (0.75 l)"},"content":{"rendered":"<section class=\"wpb-content-wrapper\"><p>[vc_row][vc_column][vc_column_text]Minister za zdravje opozarja: Prekomerno pitje alkohola \u0161koduje zdravju![\/vc_column_text][\/vc_column][\/vc_row]<\/p>\n<\/section>","protected":false},"excerpt":{"rendered":"<p>Suho vino. Vino je jantarne in \u017eivahne barve. Vonj je intenziven, trajen in kompleksen zaznamo pope\u010den kruh, suho sadje, le\u0161niki, zrela jabolka, med, kutina. Okus je izjemno mineralen, zna\u010dilen za sorto, predelano s postopkom podalj\u0161ane maceracije. Tanini so zaznavni, lepo vkomponirani v elegantno strukturo telesa. Vino ima zna\u010dilno zaznavno rustikalno noto. Pookus je dolg in prijeten. Kljub podalj\u0161ani maceraciji in zorjenju v razli\u010dnih lesenih posodah iz vina zaznana sorta.<\/p>\n","protected":false},"featured_media":695,"template":"","meta":[],"product_cat":[16,22],"product_tag":[],"_links":{"self":[{"href":"https:\/\/www.dekanter-wines.com\/shop\/wp-json\/wp\/v2\/product\/694"}],"collection":[{"href":"https:\/\/www.dekanter-wines.com\/shop\/wp-json\/wp\/v2\/product"}],"about":[{"href":"https:\/\/www.dekanter-wines.com\/shop\/wp-json\/wp\/v2\/types\/product"}],"wp:featuredmedia":[{"embeddable":true,"href":"https:\/\/www.dekanter-wines.com\/shop\/wp-json\/wp\/v2\/media\/695"}],"wp:attachment":[{"href":"https:\/\/www.dekanter-wines.com\/shop\/wp-json\/wp\/v2\/media?parent=694"}],"wp:term":[{"taxonomy":"product_cat","embeddable":true,"href":"https:\/\/www.dekanter-wines.com\/shop\/wp-json\/wp\/v2\/product_cat?post=694"},{"taxonomy":"product_tag","embeddable":true,"href":"https:\/\/www.dekanter-wines.com\/shop\/wp-json\/wp\/v2\/product_tag?post=694"}],"curies":[{"name":"wp","href":"https:\/\/api.w.org\/{rel}","templated":true}]}}