{"id":690,"date":"2023-08-06T10:54:23","date_gmt":"2023-08-06T10:54:23","guid":{"rendered":"https:\/\/www.dekanter-wines.com\/shop\/?post_type=product&#038;p=690"},"modified":"2024-12-03T16:24:56","modified_gmt":"2024-12-03T16:24:56","slug":"cabernet-sauvignon-sveza-linija-steras-0-75-l","status":"publish","type":"product","link":"https:\/\/www.dekanter-wines.com\/shop\/izdelek\/cabernet-sauvignon-sveza-linija-steras-0-75-l\/","title":{"rendered":"Cabernet Sauvignon sve\u017ea linija, Steras (0.75 l)"},"content":{"rendered":"<section class=\"wpb-content-wrapper\"><p>[vc_row][vc_column][vc_column_text]Minister za zdravje opozarja: Prekomerno pitje alkohola \u0161koduje zdravju![\/vc_column_text][\/vc_column][\/vc_row]<\/p>\n<\/section>","protected":false},"excerpt":{"rendered":"<p>Suho vino. Barva je izrazito vijoli\u010dna. Na vonju se zaznajo nianse zrelega grozdja, \u010drni ribez in robidnice so v ospredju. Na jeziku je spro\u0161\u010den in odprt, lepo ste\u010de, kljub temu, da tanini \u0161e niso docela zmeh\u010dani. Sve\u017eina je dovolj zaznavna, da v popolnosti razkrije njegovo mladostno dimenzijo. Pookus je skladen z zaznavami vonja, prijetno izsu\u0161i in podalj\u0161a prijetne zaznave ribeza.<\/p>\n","protected":false},"featured_media":691,"template":"","meta":[],"product_cat":[16,24],"product_tag":[],"_links":{"self":[{"href":"https:\/\/www.dekanter-wines.com\/shop\/wp-json\/wp\/v2\/product\/690"}],"collection":[{"href":"https:\/\/www.dekanter-wines.com\/shop\/wp-json\/wp\/v2\/product"}],"about":[{"href":"https:\/\/www.dekanter-wines.com\/shop\/wp-json\/wp\/v2\/types\/product"}],"wp:featuredmedia":[{"embeddable":true,"href":"https:\/\/www.dekanter-wines.com\/shop\/wp-json\/wp\/v2\/media\/691"}],"wp:attachment":[{"href":"https:\/\/www.dekanter-wines.com\/shop\/wp-json\/wp\/v2\/media?parent=690"}],"wp:term":[{"taxonomy":"product_cat","embeddable":true,"href":"https:\/\/www.dekanter-wines.com\/shop\/wp-json\/wp\/v2\/product_cat?post=690"},{"taxonomy":"product_tag","embeddable":true,"href":"https:\/\/www.dekanter-wines.com\/shop\/wp-json\/wp\/v2\/product_tag?post=690"}],"curies":[{"name":"wp","href":"https:\/\/api.w.org\/{rel}","templated":true}]}}