{"id":635,"date":"2023-08-05T16:42:38","date_gmt":"2023-08-05T16:42:38","guid":{"rendered":"https:\/\/www.dekanter-wines.com\/shop\/?post_type=product&#038;p=635"},"modified":"2024-12-03T16:53:15","modified_gmt":"2024-12-03T16:53:15","slug":"cabernet-sauvignon-dekanter-constantini-1-5-l","status":"publish","type":"product","link":"https:\/\/www.dekanter-wines.com\/shop\/izdelek\/cabernet-sauvignon-dekanter-constantini-1-5-l\/","title":{"rendered":"Cabernet Sauvignon Dekanter, Constantini (1.5 l)"},"content":{"rendered":"<section class=\"wpb-content-wrapper\"><p>[vc_row][vc_column][vc_column_text]Minister za zdravje opozarja: Prekomerno pitje alkohola \u0161koduje zdravju![\/vc_column_text][\/vc_column][\/vc_row]<\/p>\n<\/section>","protected":false},"excerpt":{"rendered":"<p>Rubinasto rde\u010da barva z granatnimi odsevi. Na okusu temne \u010de\u0161nje, \u010drni ribez in fine za\u010dimbe. Elegantno in mineralno vino z \u017eivahnimi, zrelimi kislinami. Skladno sve\u017ee vino s sadnim pookusom in mehkimi tanini.<\/p>\n","protected":false},"featured_media":636,"template":"","meta":[],"product_cat":[16,24,15],"product_tag":[],"_links":{"self":[{"href":"https:\/\/www.dekanter-wines.com\/shop\/wp-json\/wp\/v2\/product\/635"}],"collection":[{"href":"https:\/\/www.dekanter-wines.com\/shop\/wp-json\/wp\/v2\/product"}],"about":[{"href":"https:\/\/www.dekanter-wines.com\/shop\/wp-json\/wp\/v2\/types\/product"}],"wp:featuredmedia":[{"embeddable":true,"href":"https:\/\/www.dekanter-wines.com\/shop\/wp-json\/wp\/v2\/media\/636"}],"wp:attachment":[{"href":"https:\/\/www.dekanter-wines.com\/shop\/wp-json\/wp\/v2\/media?parent=635"}],"wp:term":[{"taxonomy":"product_cat","embeddable":true,"href":"https:\/\/www.dekanter-wines.com\/shop\/wp-json\/wp\/v2\/product_cat?post=635"},{"taxonomy":"product_tag","embeddable":true,"href":"https:\/\/www.dekanter-wines.com\/shop\/wp-json\/wp\/v2\/product_tag?post=635"}],"curies":[{"name":"wp","href":"https:\/\/api.w.org\/{rel}","templated":true}]}}