{"id":322,"date":"2023-07-05T14:25:16","date_gmt":"2023-07-05T14:25:16","guid":{"rendered":"https:\/\/www.dekanter-wines.com\/shop\/?post_type=product&#038;p=322"},"modified":"2024-12-05T15:37:53","modified_gmt":"2024-12-05T15:37:53","slug":"cabernet-sauvignon-sanabor-0-75l","status":"publish","type":"product","link":"https:\/\/www.dekanter-wines.com\/shop\/izdelek\/cabernet-sauvignon-sanabor-0-75l\/","title":{"rendered":"Cabernet Sauvignon, Sanabor 0.75l"},"content":{"rendered":"<section class=\"wpb-content-wrapper\"><p>[vc_row][vc_column][vc_column_text]Minister za zdravje opozarja: Prekomerno pitje alkohola \u0161koduje zdravju![\/vc_column_text][\/vc_column][\/vc_row]<\/p>\n<\/section>","protected":false},"excerpt":{"rendered":"<p>Vino ima zna\u010dilno rubinasto barvo z vijoli\u010dastim odtenkom. Arome so zapeljive, sadne, s poudarkom suhih sliv, rde\u010dega ribeza in drugih rde\u010dih gozdnih sade\u017eov. Zaznamo ne\u017ene note po zeli\u0161\u010dih. V ustih je suh, z mero svilenih taninov in lepih kislin, ki privzdignejo njegov zna\u010daj in mu dajejo dolgo\u017eivost. V ospredju je okus po malinah in zrelih rde\u010dih \u010de\u0161njah.<\/p>\n","protected":false},"featured_media":323,"template":"","meta":[],"product_cat":[16,24],"product_tag":[177,143,162,142],"_links":{"self":[{"href":"https:\/\/www.dekanter-wines.com\/shop\/wp-json\/wp\/v2\/product\/322"}],"collection":[{"href":"https:\/\/www.dekanter-wines.com\/shop\/wp-json\/wp\/v2\/product"}],"about":[{"href":"https:\/\/www.dekanter-wines.com\/shop\/wp-json\/wp\/v2\/types\/product"}],"wp:featuredmedia":[{"embeddable":true,"href":"https:\/\/www.dekanter-wines.com\/shop\/wp-json\/wp\/v2\/media\/323"}],"wp:attachment":[{"href":"https:\/\/www.dekanter-wines.com\/shop\/wp-json\/wp\/v2\/media?parent=322"}],"wp:term":[{"taxonomy":"product_cat","embeddable":true,"href":"https:\/\/www.dekanter-wines.com\/shop\/wp-json\/wp\/v2\/product_cat?post=322"},{"taxonomy":"product_tag","embeddable":true,"href":"https:\/\/www.dekanter-wines.com\/shop\/wp-json\/wp\/v2\/product_tag?post=322"}],"curies":[{"name":"wp","href":"https:\/\/api.w.org\/{rel}","templated":true}]}}