{"id":287,"date":"2023-07-05T13:38:58","date_gmt":"2023-07-05T13:38:58","guid":{"rendered":"https:\/\/www.dekanter-wines.com\/shop\/?post_type=product&#038;p=287"},"modified":"2024-12-05T16:10:11","modified_gmt":"2024-12-05T16:10:11","slug":"teran-ptp-sanabor-0-75l","status":"publish","type":"product","link":"https:\/\/www.dekanter-wines.com\/shop\/izdelek\/teran-ptp-sanabor-0-75l\/","title":{"rendered":"Teran PTP, Sanabor 0.75l"},"content":{"rendered":"<section class=\"wpb-content-wrapper\"><p>[vc_row][vc_column][vc_column_text]Minister za zdravje opozarja: Prekomerno pitje alkohola \u0161koduje zdravju![\/vc_column_text][\/vc_column][\/vc_row]<\/p>\n<\/section>","protected":false},"excerpt":{"rendered":"<p>Suho vino. Odlikuje se po svoji intenzivni rde\u010di barvi. Je vrhunsko vino mo\u010dnega zna\u010daja z zmernim alkoholom. V vonju lahko odkrivamo robidnice, maline, rde\u010di ribez in ostale gozdne sade\u017ee. Posebej velja poudariti visoko vsebnost mle\u010dne kisline, ki daje vinu ve\u010djo harmoni\u010dnost in \u017elahtnost okusa. Vino je zelo polno, ekstraktno in mineralno.<\/p>\n","protected":false},"featured_media":288,"template":"","meta":[],"product_cat":[16,24],"product_tag":[162,142,146,161],"_links":{"self":[{"href":"https:\/\/www.dekanter-wines.com\/shop\/wp-json\/wp\/v2\/product\/287"}],"collection":[{"href":"https:\/\/www.dekanter-wines.com\/shop\/wp-json\/wp\/v2\/product"}],"about":[{"href":"https:\/\/www.dekanter-wines.com\/shop\/wp-json\/wp\/v2\/types\/product"}],"wp:featuredmedia":[{"embeddable":true,"href":"https:\/\/www.dekanter-wines.com\/shop\/wp-json\/wp\/v2\/media\/288"}],"wp:attachment":[{"href":"https:\/\/www.dekanter-wines.com\/shop\/wp-json\/wp\/v2\/media?parent=287"}],"wp:term":[{"taxonomy":"product_cat","embeddable":true,"href":"https:\/\/www.dekanter-wines.com\/shop\/wp-json\/wp\/v2\/product_cat?post=287"},{"taxonomy":"product_tag","embeddable":true,"href":"https:\/\/www.dekanter-wines.com\/shop\/wp-json\/wp\/v2\/product_tag?post=287"}],"curies":[{"name":"wp","href":"https:\/\/api.w.org\/{rel}","templated":true}]}}