{"id":284,"date":"2023-07-05T13:30:25","date_gmt":"2023-07-05T13:30:25","guid":{"rendered":"https:\/\/www.dekanter-wines.com\/shop\/?post_type=product&#038;p=284"},"modified":"2024-12-05T16:11:20","modified_gmt":"2024-12-05T16:11:20","slug":"sivi-pinot-dveri-pax-0-75l","status":"publish","type":"product","link":"https:\/\/www.dekanter-wines.com\/shop\/izdelek\/sivi-pinot-dveri-pax-0-75l\/","title":{"rendered":"Sivi pinot, Dveri Pax 0.75l"},"content":{"rendered":"<section class=\"wpb-content-wrapper\"><p>[vc_row][vc_column][vc_column_text]Minister za zdravje opozarja: Prekomerno pitje alkohola \u0161koduje zdravju![\/vc_column_text][\/vc_column][\/vc_row]<\/p>\n<\/section>","protected":false},"excerpt":{"rendered":"<p>Suho vino. Barva je ne\u017ena limonasto z nekaj zlatimi odtenki. Cvetica je ne\u017enej\u0161a, prijetno sadna, kot bi ugriznili v so\u010dno rumeno jabolko. Pikantnih not je nekoliko manj kot obi\u010dajno, a jih najdemo. V ustih je suho, zaznati je nekoliko polnej\u0161e telo, opazno oljnato teksturo ter obilico sve\u017eine. Karakter v ustih je primerno intenziven, prevladujejo sadne note, kot je grenivka, jabolko, kisline so zmerne, vino pa lepo uravnote\u017eeno. Okusen, zelo dober gastronomski spremljevalec. Klasi\u010den \u0161tajerski sivi pinot s sve\u017eino \u00bbPinot grigia\u00ab ter sadnostjo \u00bbPinot Grisa\u00ab.<\/p>\n","protected":false},"featured_media":285,"template":"","meta":[],"product_cat":[16,23],"product_tag":[140,139,159,142,146],"_links":{"self":[{"href":"https:\/\/www.dekanter-wines.com\/shop\/wp-json\/wp\/v2\/product\/284"}],"collection":[{"href":"https:\/\/www.dekanter-wines.com\/shop\/wp-json\/wp\/v2\/product"}],"about":[{"href":"https:\/\/www.dekanter-wines.com\/shop\/wp-json\/wp\/v2\/types\/product"}],"wp:featuredmedia":[{"embeddable":true,"href":"https:\/\/www.dekanter-wines.com\/shop\/wp-json\/wp\/v2\/media\/285"}],"wp:attachment":[{"href":"https:\/\/www.dekanter-wines.com\/shop\/wp-json\/wp\/v2\/media?parent=284"}],"wp:term":[{"taxonomy":"product_cat","embeddable":true,"href":"https:\/\/www.dekanter-wines.com\/shop\/wp-json\/wp\/v2\/product_cat?post=284"},{"taxonomy":"product_tag","embeddable":true,"href":"https:\/\/www.dekanter-wines.com\/shop\/wp-json\/wp\/v2\/product_tag?post=284"}],"curies":[{"name":"wp","href":"https:\/\/api.w.org\/{rel}","templated":true}]}}