{"id":281,"date":"2023-07-05T13:27:18","date_gmt":"2023-07-05T13:27:18","guid":{"rendered":"https:\/\/www.dekanter-wines.com\/shop\/?post_type=product&#038;p=281"},"modified":"2024-12-05T16:12:33","modified_gmt":"2024-12-05T16:12:33","slug":"rose-modra-frankinja-dveri-pax-0-75l","status":"publish","type":"product","link":"https:\/\/www.dekanter-wines.com\/shop\/izdelek\/rose-modra-frankinja-dveri-pax-0-75l\/","title":{"rendered":"Rose Modra Frankinja, Dveri Pax 0.75l"},"content":{"rendered":"<section class=\"wpb-content-wrapper\"><p>[vc_row][vc_column][vc_column_text]Minister za zdravje opozarja: Prekomerno pitje alkohola \u0161koduje zdravju![\/vc_column_text][\/vc_column][\/vc_row]<\/p>\n<\/section>","protected":false},"excerpt":{"rendered":"<p>Suho vino. Barva je ne\u017ena ro\u017enata z lepim sijajem. Cvetica je mladostna, \u017eivahna in spominja na sve\u017ee rde\u010dkaste sade\u017ee \u2013 maline, jagode, tudi kan\u010dek pikantnih not se najde. \u017divahno, mladostno, vabljivo.<br \/>\nSuho v ustih, la\u017ejega do srednjega telesa z zmerno intenzivnim nabojem v ustih, ki je verna kopija zaznav v cvetici. Na otip rahlo zaznamo sve\u017eino mehur\u010dkov. Gre za prav lep, piten nekompliciran, a vse prej kot enostaven ros\u00e9, s katerim se lahko zelo hitro spoprijateljite.<\/p>\n","protected":false},"featured_media":282,"template":"","meta":[],"product_cat":[16,21],"product_tag":[140,139,158,157,142,146],"_links":{"self":[{"href":"https:\/\/www.dekanter-wines.com\/shop\/wp-json\/wp\/v2\/product\/281"}],"collection":[{"href":"https:\/\/www.dekanter-wines.com\/shop\/wp-json\/wp\/v2\/product"}],"about":[{"href":"https:\/\/www.dekanter-wines.com\/shop\/wp-json\/wp\/v2\/types\/product"}],"wp:featuredmedia":[{"embeddable":true,"href":"https:\/\/www.dekanter-wines.com\/shop\/wp-json\/wp\/v2\/media\/282"}],"wp:attachment":[{"href":"https:\/\/www.dekanter-wines.com\/shop\/wp-json\/wp\/v2\/media?parent=281"}],"wp:term":[{"taxonomy":"product_cat","embeddable":true,"href":"https:\/\/www.dekanter-wines.com\/shop\/wp-json\/wp\/v2\/product_cat?post=281"},{"taxonomy":"product_tag","embeddable":true,"href":"https:\/\/www.dekanter-wines.com\/shop\/wp-json\/wp\/v2\/product_tag?post=281"}],"curies":[{"name":"wp","href":"https:\/\/api.w.org\/{rel}","templated":true}]}}