{"id":278,"date":"2023-07-05T13:24:27","date_gmt":"2023-07-05T13:24:27","guid":{"rendered":"https:\/\/www.dekanter-wines.com\/shop\/?post_type=product&#038;p=278"},"modified":"2024-12-05T16:14:08","modified_gmt":"2024-12-05T16:14:08","slug":"sipon-ilovci-dveri-pax-0-75l","status":"publish","type":"product","link":"https:\/\/www.dekanter-wines.com\/shop\/izdelek\/sipon-ilovci-dveri-pax-0-75l\/","title":{"rendered":"\u0160ipon Ilovci, Dveri Pax 0.75l"},"content":{"rendered":"<section class=\"wpb-content-wrapper\"><p>[vc_row][vc_column][vc_column_text]Minister za zdravje opozarja: Prekomerno pitje alkohola \u0161koduje zdravju![\/vc_column_text][\/vc_column][\/vc_row]<\/p>\n<\/section>","protected":false},"excerpt":{"rendered":"<p>Suho vino. Srednje globoke limonasto rumene barve. Cvetica je lepo dozorela, pestra, raznolika. V prvi vrsti ponudi belo cvetje, akacijo, med, v ozadju jo lepo dopolnjujejo zaznave po limoni, grenivki. Tudi nekoliko \u017elahtnih lesnih not se najde.Vino je suho, srednjega telesa, navkljub polni zrelosti poka\u017ee esencialno lastnost \u0161ipona \u2013 uravnote\u017eene, visoke kisline, ki mu bodo omogo\u010dile zelo dolgo \u017eivljenje. Tekstura je malce oljnata, sicer pa vino navkljub letom daje ob\u010dutek \u017eivahnosti in mladosti. V ustih je karakter umirjen, skladen, a polnega okusa.<\/p>\n","protected":false},"featured_media":279,"template":"","meta":[],"product_cat":[16,23],"product_tag":[140,139,156,155,142,146],"_links":{"self":[{"href":"https:\/\/www.dekanter-wines.com\/shop\/wp-json\/wp\/v2\/product\/278"}],"collection":[{"href":"https:\/\/www.dekanter-wines.com\/shop\/wp-json\/wp\/v2\/product"}],"about":[{"href":"https:\/\/www.dekanter-wines.com\/shop\/wp-json\/wp\/v2\/types\/product"}],"wp:featuredmedia":[{"embeddable":true,"href":"https:\/\/www.dekanter-wines.com\/shop\/wp-json\/wp\/v2\/media\/279"}],"wp:attachment":[{"href":"https:\/\/www.dekanter-wines.com\/shop\/wp-json\/wp\/v2\/media?parent=278"}],"wp:term":[{"taxonomy":"product_cat","embeddable":true,"href":"https:\/\/www.dekanter-wines.com\/shop\/wp-json\/wp\/v2\/product_cat?post=278"},{"taxonomy":"product_tag","embeddable":true,"href":"https:\/\/www.dekanter-wines.com\/shop\/wp-json\/wp\/v2\/product_tag?post=278"}],"curies":[{"name":"wp","href":"https:\/\/api.w.org\/{rel}","templated":true}]}}