{"id":272,"date":"2023-07-05T13:16:48","date_gmt":"2023-07-05T13:16:48","guid":{"rendered":"https:\/\/www.dekanter-wines.com\/shop\/?post_type=product&#038;p=272"},"modified":"2024-12-05T16:16:30","modified_gmt":"2024-12-05T16:16:30","slug":"renski-rizling-old-vines-dveri-pax-0-75l","status":"publish","type":"product","link":"https:\/\/www.dekanter-wines.com\/shop\/izdelek\/renski-rizling-old-vines-dveri-pax-0-75l\/","title":{"rendered":"Renski rizling Old vines, Dveri Pax 0.75l"},"content":{"rendered":"<section class=\"wpb-content-wrapper\"><p>[vc_row][vc_column][vc_column_text]Minister za zdravje opozarja: Prekomerno pitje alkohola \u0161koduje zdravju![\/vc_column_text][\/vc_column][\/vc_row]<\/p>\n<\/section>","protected":false},"excerpt":{"rendered":"<p>Suho vino. Cvetica je srednje poudarjena, sadna in rahlo mineralna hkrati. Spominja na limone, pomaran\u010dno lupino, breskve, med in na mokro kamenje. Dozorelost in mladost se sre\u010dujeta z roko v roki. Zelo suh v ustih, vi\u0161jih kislin, zna\u010dilnih za \u0160tajersko, a popolnoma zrelih. La\u017ejega do srednjega telesa, eden najbolj elegantnih \u00bbstarih trt\u00ab do sedaj. Tekstura ponudi \u0161\u010depec viskoznosti, vino je obenem \u017eivahno in okusno. Dalj\u0161e v pookusu, \u0161e precej mlado.<\/p>\n","protected":false},"featured_media":273,"template":"","meta":[],"product_cat":[16,23],"product_tag":[140,139,153,150,142,154],"_links":{"self":[{"href":"https:\/\/www.dekanter-wines.com\/shop\/wp-json\/wp\/v2\/product\/272"}],"collection":[{"href":"https:\/\/www.dekanter-wines.com\/shop\/wp-json\/wp\/v2\/product"}],"about":[{"href":"https:\/\/www.dekanter-wines.com\/shop\/wp-json\/wp\/v2\/types\/product"}],"wp:featuredmedia":[{"embeddable":true,"href":"https:\/\/www.dekanter-wines.com\/shop\/wp-json\/wp\/v2\/media\/273"}],"wp:attachment":[{"href":"https:\/\/www.dekanter-wines.com\/shop\/wp-json\/wp\/v2\/media?parent=272"}],"wp:term":[{"taxonomy":"product_cat","embeddable":true,"href":"https:\/\/www.dekanter-wines.com\/shop\/wp-json\/wp\/v2\/product_cat?post=272"},{"taxonomy":"product_tag","embeddable":true,"href":"https:\/\/www.dekanter-wines.com\/shop\/wp-json\/wp\/v2\/product_tag?post=272"}],"curies":[{"name":"wp","href":"https:\/\/api.w.org\/{rel}","templated":true}]}}