{"id":227,"date":"2023-07-05T12:54:29","date_gmt":"2023-07-05T12:54:29","guid":{"rendered":"https:\/\/www.dekanter-wines.com\/shop\/?post_type=product&#038;p=227"},"modified":"2024-12-05T16:17:21","modified_gmt":"2024-12-05T16:17:21","slug":"chardonnay-vajgen-dveri-pax-0-75l","status":"publish","type":"product","link":"https:\/\/www.dekanter-wines.com\/shop\/izdelek\/chardonnay-vajgen-dveri-pax-0-75l\/","title":{"rendered":"Chardonnay Vajgen, Dveri Pax 0.75l"},"content":{"rendered":"<section class=\"wpb-content-wrapper\"><p>[vc_row][vc_column][vc_column_text]Minister za zdravje opozarja: Prekomerno pitje alkohola \u0161koduje zdravju![\/vc_column_text][\/vc_column][\/vc_row]<\/p>\n<\/section>","protected":false},"excerpt":{"rendered":"<p>Suho vino. Barva je srednje globoka zlatorumena, cvetica je srednje poudarjena, polna, napeta. Nekoliko po maslu, belem cvetju, zrelih kontinentalnih sade\u017eih, zgolj \u0161\u010depec karamele, zorenja v lesu \u2013 zelo lepo sestavljeno.V ustih je suho, srednjega telesa, z obilico zrelih kislin. Uravnote\u017eeno in harmoni\u010dno. Tekstura je nekoliko oljnata, okus v ustih je vztrajen, arome \u0161e bolj izra\u017eene kot v cvetici. Eleganten, polnega okusa s klasi\u010dno napetostjo prvovrstnega chardonnayja in zelo dolgim zatonom. Izjemen kulinari\u010den sopotnik.<\/p>\n","protected":false},"featured_media":228,"template":"","meta":[],"product_cat":[16,23],"product_tag":[148,139,149,142,146,152],"_links":{"self":[{"href":"https:\/\/www.dekanter-wines.com\/shop\/wp-json\/wp\/v2\/product\/227"}],"collection":[{"href":"https:\/\/www.dekanter-wines.com\/shop\/wp-json\/wp\/v2\/product"}],"about":[{"href":"https:\/\/www.dekanter-wines.com\/shop\/wp-json\/wp\/v2\/types\/product"}],"wp:featuredmedia":[{"embeddable":true,"href":"https:\/\/www.dekanter-wines.com\/shop\/wp-json\/wp\/v2\/media\/228"}],"wp:attachment":[{"href":"https:\/\/www.dekanter-wines.com\/shop\/wp-json\/wp\/v2\/media?parent=227"}],"wp:term":[{"taxonomy":"product_cat","embeddable":true,"href":"https:\/\/www.dekanter-wines.com\/shop\/wp-json\/wp\/v2\/product_cat?post=227"},{"taxonomy":"product_tag","embeddable":true,"href":"https:\/\/www.dekanter-wines.com\/shop\/wp-json\/wp\/v2\/product_tag?post=227"}],"curies":[{"name":"wp","href":"https:\/\/api.w.org\/{rel}","templated":true}]}}