{"id":1423,"date":"2024-05-11T18:07:51","date_gmt":"2024-05-11T18:07:51","guid":{"rendered":"https:\/\/www.dekanter-wines.com\/shop\/?post_type=product&#038;p=1423"},"modified":"2025-09-02T20:01:15","modified_gmt":"2025-09-02T18:01:15","slug":"rebula-dry-edi-simcic-0-75-l","status":"publish","type":"product","link":"https:\/\/www.dekanter-wines.com\/shop\/izdelek\/rebula-dry-edi-simcic-0-75-l\/","title":{"rendered":"Rebula dry, Edi Sim\u010di\u010d (0.75 l)"},"content":{"rendered":"<section class=\"wpb-content-wrapper\"><p>[vc_row][vc_column][vc_column_text]Minister za zdravje opozarja: Prekomerno pitje alkohola \u0161koduje zdravju![\/vc_column_text][\/vc_column][\/vc_row]<\/p>\n<\/section>","protected":false},"excerpt":{"rendered":"<div class=\"sc-276506a7-1 jRJgnv\">\n<p class=\"sc-276506a7-5 ipfDpP\">Globlje zlatorumene barve. Cvetica je prijetno di\u0161e\u010da, dokaj poudarjena za rebulo, nikakor diskretna, z lepo pestrostjo. Spomni na dozorelost, suha rumena jabolka, limono, tudi limeto, belo cvetje, z ne\u017eno balzami\u010dno noto in \u0161\u010depcem medu. Tovrstno pestrost poka\u017ee le popolnoma zrela rebula. Opazimo zorenje v lesu. Ko se odpre, zaznamo lep \u0161opek cvetja. Sadnost ni na prvem mestu ne pri rebuli ne pri ve\u010dini na\u0161ih vin.<\/p>\n<\/div>\n","protected":false},"featured_media":1424,"template":"","meta":[],"product_cat":[16,23],"product_tag":[],"_links":{"self":[{"href":"https:\/\/www.dekanter-wines.com\/shop\/wp-json\/wp\/v2\/product\/1423"}],"collection":[{"href":"https:\/\/www.dekanter-wines.com\/shop\/wp-json\/wp\/v2\/product"}],"about":[{"href":"https:\/\/www.dekanter-wines.com\/shop\/wp-json\/wp\/v2\/types\/product"}],"wp:featuredmedia":[{"embeddable":true,"href":"https:\/\/www.dekanter-wines.com\/shop\/wp-json\/wp\/v2\/media\/1424"}],"wp:attachment":[{"href":"https:\/\/www.dekanter-wines.com\/shop\/wp-json\/wp\/v2\/media?parent=1423"}],"wp:term":[{"taxonomy":"product_cat","embeddable":true,"href":"https:\/\/www.dekanter-wines.com\/shop\/wp-json\/wp\/v2\/product_cat?post=1423"},{"taxonomy":"product_tag","embeddable":true,"href":"https:\/\/www.dekanter-wines.com\/shop\/wp-json\/wp\/v2\/product_tag?post=1423"}],"curies":[{"name":"wp","href":"https:\/\/api.w.org\/{rel}","templated":true}]}}