{"id":1315,"date":"2024-05-06T18:24:17","date_gmt":"2024-05-06T18:24:17","guid":{"rendered":"https:\/\/www.dekanter-wines.com\/shop\/?post_type=product&#038;p=1315"},"modified":"2024-12-02T16:56:42","modified_gmt":"2024-12-02T16:56:42","slug":"terasel-teran-dry-stoka-0-75-l-14-vol","status":"publish","type":"product","link":"https:\/\/www.dekanter-wines.com\/shop\/izdelek\/terasel-teran-dry-stoka-0-75-l-14-vol\/","title":{"rendered":"Terasel, Teran dry, \u0160toka (0.75 l) 14% vol"},"content":{"rendered":"<section class=\"wpb-content-wrapper\"><p>[vc_row][vc_column][vc_column_text]Minister za zdravje opozarja: Prekomerno pitje alkohola \u0161koduje zdravju![\/vc_column_text][\/vc_column][\/vc_row]<\/p>\n<\/section>","protected":false},"excerpt":{"rendered":"<p>Barva je globoka, rubinasta, \u0161e najdemo vijoli\u010dne odtenke. Cvetica je zelo intenzivna in spomni ne prezrele, suhe sade\u017ee, marmelado, usnje, gumo, tudi \u010dokolado in \u0161ampinjone. V ustih je vino slaj\u0161e, zmernih kislin in krepkej\u0161ega telesa.<\/p>\n","protected":false},"featured_media":1316,"template":"","meta":[],"product_cat":[16,24],"product_tag":[],"_links":{"self":[{"href":"https:\/\/www.dekanter-wines.com\/shop\/wp-json\/wp\/v2\/product\/1315"}],"collection":[{"href":"https:\/\/www.dekanter-wines.com\/shop\/wp-json\/wp\/v2\/product"}],"about":[{"href":"https:\/\/www.dekanter-wines.com\/shop\/wp-json\/wp\/v2\/types\/product"}],"wp:featuredmedia":[{"embeddable":true,"href":"https:\/\/www.dekanter-wines.com\/shop\/wp-json\/wp\/v2\/media\/1316"}],"wp:attachment":[{"href":"https:\/\/www.dekanter-wines.com\/shop\/wp-json\/wp\/v2\/media?parent=1315"}],"wp:term":[{"taxonomy":"product_cat","embeddable":true,"href":"https:\/\/www.dekanter-wines.com\/shop\/wp-json\/wp\/v2\/product_cat?post=1315"},{"taxonomy":"product_tag","embeddable":true,"href":"https:\/\/www.dekanter-wines.com\/shop\/wp-json\/wp\/v2\/product_tag?post=1315"}],"curies":[{"name":"wp","href":"https:\/\/api.w.org\/{rel}","templated":true}]}}