{"id":1255,"date":"2023-10-07T17:40:34","date_gmt":"2023-10-07T17:40:34","guid":{"rendered":"https:\/\/www.dekanter-wines.com\/shop\/?post_type=product&#038;p=1255"},"modified":"2024-12-02T17:16:24","modified_gmt":"2024-12-02T17:16:24","slug":"zelen-ussai-0-75-l","status":"publish","type":"product","link":"https:\/\/www.dekanter-wines.com\/shop\/izdelek\/zelen-ussai-0-75-l\/","title":{"rendered":"Zelen, Ussai (0.75 l)"},"content":{"rendered":"<section class=\"wpb-content-wrapper\"><p>[vc_row][vc_column][vc_column_text]Minister za zdravje opozarja: Prekomerno pitje alkohola \u0161koduje zdravju![\/vc_column_text][\/vc_column][\/vc_row]<\/p>\n<\/section>","protected":false},"excerpt":{"rendered":"<p>Barva je srednje poudarjena, zlatorumena, dokaj globoka za zelen. Cvetica je poudarjena, sortno prav lepo izra\u017eena. Prevladujejo za\u010dimbe, kot\u00a0so mu\u0161katni ore\u0161\u010dek, cimet, nageljnove \u017ebice, ter so\u010dne breskve, marelice, \u017eajbelj, limona in\u00a0kamilice. V ustih je vino suho, lahko, \u017eivahnih kislin, zelo v slogu sorte. Karakter morda ni tako poudarjen, kot je nakazovala cvetica, in tudi pookus ni med dalj\u0161imi, a zdi se, da je vtis, ki\u00a0ga do\u017eivimo ob vonjanju, dovolj velik, da vino dojamemo v pozitivni lu\u010di.<\/p>\n","protected":false},"featured_media":1260,"template":"","meta":[],"product_cat":[16,23],"product_tag":[],"_links":{"self":[{"href":"https:\/\/www.dekanter-wines.com\/shop\/wp-json\/wp\/v2\/product\/1255"}],"collection":[{"href":"https:\/\/www.dekanter-wines.com\/shop\/wp-json\/wp\/v2\/product"}],"about":[{"href":"https:\/\/www.dekanter-wines.com\/shop\/wp-json\/wp\/v2\/types\/product"}],"wp:featuredmedia":[{"embeddable":true,"href":"https:\/\/www.dekanter-wines.com\/shop\/wp-json\/wp\/v2\/media\/1260"}],"wp:attachment":[{"href":"https:\/\/www.dekanter-wines.com\/shop\/wp-json\/wp\/v2\/media?parent=1255"}],"wp:term":[{"taxonomy":"product_cat","embeddable":true,"href":"https:\/\/www.dekanter-wines.com\/shop\/wp-json\/wp\/v2\/product_cat?post=1255"},{"taxonomy":"product_tag","embeddable":true,"href":"https:\/\/www.dekanter-wines.com\/shop\/wp-json\/wp\/v2\/product_tag?post=1255"}],"curies":[{"name":"wp","href":"https:\/\/api.w.org\/{rel}","templated":true}]}}