{"id":45,"date":"2023-06-26T08:33:43","date_gmt":"2023-06-26T08:33:43","guid":{"rendered":"https:\/\/www.dekanter-wines.com\/shop\/?page_id=45"},"modified":"2024-11-05T19:10:07","modified_gmt":"2024-11-05T19:10:07","slug":"kontakt","status":"publish","type":"page","link":"https:\/\/www.dekanter-wines.com\/shop\/kontakt\/","title":{"rendered":"Kontakt"},"content":{"rendered":"<section class=\"wpb-content-wrapper\"><p>[vc_row][vc_column]        \r\n        <div class=\"title-banner\">\r\n          <div class=\"breadcrumbs-container\">\r\n            <div class=\"breadcrumbs\">\r\n              <p id=\"breadcrumbs\"><span><span class=\"breadcrumb_last\" aria-current=\"page\">Domov<\/span><\/span><\/p>            <div class=\"clearfix\"><\/div>\r\n            <\/div>\r\n          <\/div>\r\n\r\n          <div class=\"title-banner-image-container\" style=\"background-image: url('https:\/\/www.dekanter-wines.com\/shop\/wp-content\/themes\/ns-template\/img\/page_title_back.jpg');\">\r\n                          <h1>Kontakt<\/h1>\r\n                      <\/div>\r\n               \r\n        <\/div>\r\n        \r\n        [\/vc_column][\/vc_row][vc_row][vc_column width=&#8221;1\/12&#8243; offset=&#8221;vc_col-lg-1 vc_hidden-md vc_hidden-sm vc_hidden-xs&#8221;][\/vc_column][vc_column width=&#8221;1\/3&#8243; offset=&#8221;vc_col-lg-3 vc_col-md-4&#8243;][vc_single_image image=&#8221;945&#8243; style=&#8221;vc_box_rounded&#8221;][vc_column_text]<strong>DEKANTER WINE &#8211; vinski butik<\/strong><br \/>\nGornji trg 10,<br \/>\n1000 Ljubljana<br \/>\nSlovenija<\/p>\n<p>[\/vc_column_text]\t\t\n\t\t<div class=\"ns-cwi-container kontakt-page-ns-icon\">\n\t\t\t<div class=\"ns-cwi-icon\">\n               <svg xmlns=\"http:\/\/www.w3.org\/2000\/svg\" width=\"20\" height=\"16\" viewBox=\"0 0 20 16\">\n  <path id=\"icon-mail\" d=\"M2632-2253a2,2,0,0,1-2-2v-12a2,2,0,0,1,2-2h16a2,2,0,0,1,2,2v12a2,2,0,0,1-2,2Zm0-2h16v-10.67l-7.481,5.81a1,1,0,0,1-.613.21,1,1,0,0,1-.636-.229l-7.27-5.995Zm7.925-6.93,6.528-5.071h-12.677Z\" transform=\"translate(-2630 2269)\" fill=\"#d09a43\"\/>\n<\/svg>\t\t\t<\/div>\n\t\t\t<div class=\"ns-cwi-content\">\n                <a href=\"mailto:&#105;&#110;&#102;&#111;&#x40;&#x64;&#x65;&#x6b;&#x61;&#x6e;&#x74;&#x65;&#x72;-wines.&#99;&#111;&#109;\">&#x69;&#x6e;&#x66;&#x6f;&#64;&#100;eka&#x6e;&#x74;&#x65;&#x72;&#x2d;&#119;&#105;nes&#x2e;&#x63;&#x6f;&#x6d;<\/a>\t\t\t<\/div>\n\t\t<\/div>\n\n\n\t\t\t\t\n\t\t<div class=\"ns-cwi-container \">\n\t\t\t<div class=\"ns-cwi-icon\">\n               \t\t\t<\/div>\n\t\t\t<div class=\"ns-cwi-content\">\n                <strong>\u00a0 phone number:<\/strong><\/p>\n<p>+386 68 675 445<\/p>\n<p>+ 386 51 416 286\t\t\t<\/div>\n\t\t<\/div>\n\n\n\t\t[\/vc_column][vc_column width=&#8221;2\/3&#8243; offset=&#8221;vc_col-lg-7 vc_col-md-8&#8243;]<div role=\"form\" class=\"wpcf7\" id=\"wpcf7-f147-o1\" lang=\"sl-SI\" dir=\"ltr\">\n<div class=\"screen-reader-response\"><p role=\"status\" aria-live=\"polite\" aria-atomic=\"true\"><\/p> <ul><\/ul><\/div>\n<form action=\"\/shop\/wp-json\/wp\/v2\/pages\/45#wpcf7-f147-o1\" method=\"post\" class=\"wpcf7-form init\" novalidate=\"novalidate\" data-status=\"init\">\n<div style=\"display: none;\">\n<input type=\"hidden\" name=\"_wpcf7\" value=\"147\" \/>\n<input type=\"hidden\" name=\"_wpcf7_version\" value=\"5.6.3\" \/>\n<input type=\"hidden\" name=\"_wpcf7_locale\" value=\"sl_SI\" \/>\n<input type=\"hidden\" name=\"_wpcf7_unit_tag\" value=\"wpcf7-f147-o1\" \/>\n<input type=\"hidden\" name=\"_wpcf7_container_post\" value=\"0\" \/>\n<input type=\"hidden\" name=\"_wpcf7_posted_data_hash\" value=\"\" \/>\n<input type=\"hidden\" name=\"_wpcf7_recaptcha_response\" value=\"\" \/>\n<\/div>\n<div class=\"kontobrazec\">\n<h3>Kontaktni obrazec<\/h3>\n<p>\t\t\tKontaktirajte nas in odgovorili vam bomo v najkraj\u0161em mo\u017enem \u010dasu.<\/p>\n<div class=\"row\">\n<div class=\"col-md-12\">\n<div class=\"kont-povpr-izd-title\">\n<div>Povpra\u0161evanje za izdelek<\/div>\n<p>      <span class=\"wpcf7-form-control-wrap\" data-name=\"prod\"><input type=\"text\" name=\"prod\" value=\"\" size=\"40\" class=\"wpcf7-form-control wpcf7-text prod\" readonly=\"readonly\" aria-invalid=\"false\" \/><\/span><\/p>\n<\/div>\n<p>\t\t\t<span class=\"wpcf7-form-control-wrap\" data-name=\"your-name\"><input type=\"text\" name=\"your-name\" value=\"\" size=\"40\" class=\"wpcf7-form-control wpcf7-text wpcf7-validates-as-required\" aria-required=\"true\" aria-invalid=\"false\" placeholder=\"Ime in priimek *\" \/><\/span> <\/p>\n<p>\t\t\t<span class=\"wpcf7-form-control-wrap\" data-name=\"your-email\"><input type=\"email\" name=\"your-email\" value=\"\" size=\"40\" class=\"wpcf7-form-control wpcf7-text wpcf7-email wpcf7-validates-as-required wpcf7-validates-as-email\" aria-required=\"true\" aria-invalid=\"false\" placeholder=\"Va\u0161a e-po\u0161ta *\" \/><\/span><\/p>\n<p>\t\t\t<span class=\"wpcf7-form-control-wrap\" data-name=\"your-phone\"><input type=\"text\" name=\"your-phone\" value=\"\" size=\"40\" class=\"wpcf7-form-control wpcf7-text wpcf7-validates-as-required\" aria-required=\"true\" aria-invalid=\"false\" placeholder=\"Va\u0161a telefonska \u0161tevilka *\" \/><\/span><\/p>\n<p>\t\t\t<span class=\"wpcf7-form-control-wrap\" data-name=\"your-message\"><textarea name=\"your-message\" cols=\"40\" rows=\"10\" class=\"wpcf7-form-control wpcf7-textarea\" aria-invalid=\"false\" placeholder=\"Vsebina sporo\u010dila...\"><\/textarea><\/span><\/p>\n<p>\t\t\tPolja ozna\u010dena z * so obvezna!<\/p>\n<\/div>\n<\/div>\n<p>\t\t<span class=\"wpcf7-form-control-wrap\" data-name=\"your-consent\"><span class=\"wpcf7-form-control wpcf7-acceptance\"><span class=\"wpcf7-list-item\"><label><input type=\"checkbox\" name=\"your-consent\" value=\"1\" aria-invalid=\"false\" \/><span class=\"wpcf7-list-item-label\">Strinjam se, da Dekanter d.o.o. hrani osebne podatke na obrazcu za notranjo uporabo in komunikacijo z mano za namene predlo\u017eene zahteve. Uporabnik lahko zahteva izbris osebnih podatkov po elektronski po\u0161ti <a href=\"mailto:in&#102;&#111;&#64;&#100;&#x65;&#x6b;&#x61;&#x6e;&#x74;&#x65;&#x72;&#x2d;&#x77;&#x69;&#x6e;&#x65;s.com\">&#x69;&#x6e;&#x66;&#x6f;&#x40;&#x64;&#x65;&#x6b;&#x61;&#x6e;&#x74;&#x65;&#x72;&#x2d;&#x77;&#x69;&#x6e;&#x65;&#x73;&#x2e;&#x63;&#x6f;&#109;<\/a>.<\/span><\/label><\/span><\/span><\/span><\/p>\n<p>\t\t<button id=\"submit\" class=\"wpcf7-form-control wpcf7-submit btn-primary btn btn-lg\">PO\u0160LJI<\/button>\n\t\t<\/div>\n<div class=\"wpcf7-response-output\" aria-hidden=\"true\"><\/div><\/form><\/div>[\/vc_column][vc_column width=&#8221;1\/12&#8243; offset=&#8221;vc_col-lg-1 vc_hidden-md vc_hidden-sm vc_hidden-xs&#8221;][\/vc_column][\/vc_row]<\/p>\n<\/section>","protected":false},"excerpt":{"rendered":"<p>[vc_row][vc_column][\/vc_column][\/vc_row][vc_row][vc_column width=&#8221;1\/12&#8243; offset=&#8221;vc_col-lg-1 vc_hidden-md vc_hidden-sm vc_hidden-xs&#8221;][\/vc_column][vc_column width=&#8221;1\/3&#8243; offset=&#8221;vc_col-lg-3 vc_col-md-4&#8243;][vc_single_image image=&#8221;945&#8243; style=&#8221;vc_box_rounded&#8221;][vc_column_text]DEKANTER WINE &#8211; vinski butik Gornji trg 10, 1000 Ljubljana Slovenija [\/vc_column_text][\/vc_column][vc_column width=&#8221;2\/3&#8243; offset=&#8221;vc_col-lg-7 vc_col-md-8&#8243;][\/vc_column][vc_column width=&#8221;1\/12&#8243; offset=&#8221;vc_col-lg-1 vc_hidden-md vc_hidden-sm vc_hidden-xs&#8221;][\/vc_column][\/vc_row]<\/p>\n","protected":false},"author":1,"featured_media":0,"parent":0,"menu_order":0,"comment_status":"closed","ping_status":"closed","template":"","meta":[],"_links":{"self":[{"href":"https:\/\/www.dekanter-wines.com\/shop\/wp-json\/wp\/v2\/pages\/45"}],"collection":[{"href":"https:\/\/www.dekanter-wines.com\/shop\/wp-json\/wp\/v2\/pages"}],"about":[{"href":"https:\/\/www.dekanter-wines.com\/shop\/wp-json\/wp\/v2\/types\/page"}],"author":[{"embeddable":true,"href":"https:\/\/www.dekanter-wines.com\/shop\/wp-json\/wp\/v2\/users\/1"}],"replies":[{"embeddable":true,"href":"https:\/\/www.dekanter-wines.com\/shop\/wp-json\/wp\/v2\/comments?post=45"}],"version-history":[{"count":0,"href":"https:\/\/www.dekanter-wines.com\/shop\/wp-json\/wp\/v2\/pages\/45\/revisions"}],"wp:attachment":[{"href":"https:\/\/www.dekanter-wines.com\/shop\/wp-json\/wp\/v2\/media?parent=45"}],"curies":[{"name":"wp","href":"https:\/\/api.w.org\/{rel}","templated":true}]}}