{"id":43,"date":"2023-06-26T08:33:35","date_gmt":"2023-06-26T08:33:35","guid":{"rendered":"https:\/\/www.dekanter-wines.com\/shop\/?page_id=43"},"modified":"2023-08-18T18:08:28","modified_gmt":"2023-08-18T18:08:28","slug":"vinski-butik","status":"publish","type":"page","link":"https:\/\/www.dekanter-wines.com\/shop\/vinski-butik\/","title":{"rendered":"Vinski butik"},"content":{"rendered":"<section class=\"wpb-content-wrapper\"><p>[vc_row][vc_column]        \r\n        <div class=\"title-banner\">\r\n          <div class=\"breadcrumbs-container\">\r\n            <div class=\"breadcrumbs\">\r\n              <p id=\"breadcrumbs\"><span><span class=\"breadcrumb_last\" aria-current=\"page\">Domov<\/span><\/span><\/p>            <div class=\"clearfix\"><\/div>\r\n            <\/div>\r\n          <\/div>\r\n\r\n          <div class=\"title-banner-image-container\" style=\"background-image: url('https:\/\/www.dekanter-wines.com\/shop\/wp-content\/themes\/ns-template\/img\/page_title_back.jpg');\">\r\n                          <h1>Vinski butik<\/h1>\r\n                      <\/div>\r\n               \r\n        <\/div>\r\n        \r\n        [\/vc_column][\/vc_row][vc_row][vc_column width=&#8221;1\/2&#8243;][vc_column_text]Vinski butik Dekanter je majhna trgovinica v starem delu Ljubljane, ki z izborom najbolj\u0161ih vin iz vseh slovenskih vinorodnih podro\u010dji s ponosom predstavlja Slovensko vinsko zgodbo.<\/p>\n<p>Nabor vin, v sodelovanju z na\u0161im someljejem, redno bogatimo in skrbimo za to, da zadovoljimo \u0161e tako zahtevnega kupca.<br \/>\nVsa vina lahko kupite osebno v na\u0161em butiku ali tukaj v spletni trgovini.<\/p>\n<p>Za vsa vpra\u0161anja smo z veseljem dosegljivi osebno ali preko elektronske po\u0161te. Tukaj smo zato, da z vami delimo na\u0161o strast in ljubezen do na\u0161e ljube de\u017eele in vinskih dobrot ki jih ponujajo vinorodna podro\u010dja.[\/vc_column_text][\/vc_column][vc_column width=&#8221;1\/2&#8243;][vc_single_image image=&#8221;947&#8243; style=&#8221;vc_box_rounded&#8221;][\/vc_column][\/vc_row][vc_row][vc_column][vc_column_text][\/vc_column_text][\/vc_column][\/vc_row][vc_row][vc_column width=&#8221;1\/3&#8243;][vc_single_image image=&#8221;951&#8243; img_size=&#8221;410&#215;290&#8243; style=&#8221;vc_box_rounded&#8221;][\/vc_column][vc_column width=&#8221;1\/3&#8243;][vc_single_image image=&#8221;901&#8243; img_size=&#8221;410&#215;290&#8243; style=&#8221;vc_box_rounded&#8221;][\/vc_column][vc_column width=&#8221;1\/3&#8243;][vc_single_image image=&#8221;919&#8243; img_size=&#8221;410&#215;290&#8243; style=&#8221;vc_box_rounded&#8221;][\/vc_column][\/vc_row]<\/p>\n<\/section>","protected":false},"excerpt":{"rendered":"<p>[vc_row][vc_column][\/vc_column][\/vc_row][vc_row][vc_column width=&#8221;1\/2&#8243;][vc_column_text]Vinski butik Dekanter je majhna trgovinica v starem delu Ljubljane, ki z izborom najbolj\u0161ih vin iz vseh slovenskih vinorodnih podro\u010dji s ponosom predstavlja Slovensko vinsko zgodbo. Nabor vin, v sodelovanju z na\u0161im someljejem, redno bogatimo in skrbimo za to, da zadovoljimo \u0161e tako zahtevnega kupca. Vsa vina lahko kupite osebno v na\u0161em butiku ali tukaj v spletni trgovini. Za vsa vpra\u0161anja smo z veseljem dosegljivi osebno ali preko elektronske po\u0161te. Tukaj smo zato, da z vami delimo na\u0161o strast in ljubezen do na\u0161e ljube de\u017eele in vinskih dobrot ki jih ponujajo vinorodna podro\u010dja.[\/vc_column_text][\/vc_column][vc_column width=&#8221;1\/2&#8243;][vc_single_image image=&#8221;947&#8243; style=&#8221;vc_box_rounded&#8221;][\/vc_column][\/vc_row][vc_row][vc_column][vc_column_text][\/vc_column_text][\/vc_column][\/vc_row][vc_row][vc_column width=&#8221;1\/3&#8243;][vc_single_image image=&#8221;951&#8243; img_size=&#8221;410&#215;290&#8243; style=&#8221;vc_box_rounded&#8221;][\/vc_column][vc_column width=&#8221;1\/3&#8243;][vc_single_image image=&#8221;901&#8243; img_size=&#8221;410&#215;290&#8243; style=&#8221;vc_box_rounded&#8221;][\/vc_column][vc_column width=&#8221;1\/3&#8243;][vc_single_image image=&#8221;919&#8243; img_size=&#8221;410&#215;290&#8243; style=&#8221;vc_box_rounded&#8221;][\/vc_column][\/vc_row]<\/p>\n","protected":false},"author":1,"featured_media":0,"parent":0,"menu_order":0,"comment_status":"closed","ping_status":"closed","template":"","meta":[],"_links":{"self":[{"href":"https:\/\/www.dekanter-wines.com\/shop\/wp-json\/wp\/v2\/pages\/43"}],"collection":[{"href":"https:\/\/www.dekanter-wines.com\/shop\/wp-json\/wp\/v2\/pages"}],"about":[{"href":"https:\/\/www.dekanter-wines.com\/shop\/wp-json\/wp\/v2\/types\/page"}],"author":[{"embeddable":true,"href":"https:\/\/www.dekanter-wines.com\/shop\/wp-json\/wp\/v2\/users\/1"}],"replies":[{"embeddable":true,"href":"https:\/\/www.dekanter-wines.com\/shop\/wp-json\/wp\/v2\/comments?post=43"}],"version-history":[{"count":0,"href":"https:\/\/www.dekanter-wines.com\/shop\/wp-json\/wp\/v2\/pages\/43\/revisions"}],"wp:attachment":[{"href":"https:\/\/www.dekanter-wines.com\/shop\/wp-json\/wp\/v2\/media?parent=43"}],"curies":[{"name":"wp","href":"https:\/\/api.w.org\/{rel}","templated":true}]}}